**2 + 4*u - 7. Let n be z(s). Suppose 137 = n*c + 22. What is the tens digit of c?
2
Suppose 5 = 3*l - 4. Suppose 3*i - 58 = -4*z, l*i + 10 = -2*i. What is the tens digit of z?
1
Suppose 78 = -2*k - m, -k + 2*k = 2*m - 44. Let p be 360/5*1 + -4. Let c = k + p. What is the tens digit of c?
2
Suppose -i + 2*g - 5*g = -274, -i + 3*g = -268. What is the units digit of i?
1
Let n be (-2 + 9)/(-1 - 0). Suppose -4*k = -2*k - 4. What is the tens digit of 14/n + 48/k?
2
Let u = 87940 + -60516. What is the tens digit of 4/(-10) - u/(-160)?
7
Suppose -260 - 196 = 4*i. Let y = i - -299. What is the tens digit of y?
8
Let q(g) = -g**2 - 12*g - 5. Let b be q(-9). Suppose 2*o + 4 = -2*c - 3*c, b = 4*o - 5*c. Suppose -o = -7*x + 6*x. What is the units digit of x?
3
Suppose 224 = 4*d - 0. Suppose -i = -2*l + d, -5*l + l + 100 = -5*i. Let s = -17 + l. What is the units digit of s?
3
Suppose 0 = 4*q - 38 + 138. Let x be (q/10 + 4)*-2. What is the tens digit of (x - -4)/((-1)/(-66))?
6
Suppose 0 = q + 3*f - 19, 1 = 3*q - 0*f - 5*f. Let g be 111/21 + (-2)/q. Suppose 30 = 3*k - g*w, -2*w + 63 = 4*k - w. What is the units digit of k?
5
Let w = 2 + 28. Let f be (w/(-8))/(9/(-60)). Suppose 8 + f = 3*n. What is the tens digit of n?
1
Let p = 349 + -229. What is the units digit of 19152/p - (-4)/10?
0
Suppose 10 = 6*w + 10. Suppose -m - 5*x = -60, 104 = -w*m + 2*m + 2*x. What is the units digit of m?
0
Suppose 9*q - 11*q = -10. Suppose 0 = 5*r - b + q*b - 94, -4*b = r - 6. What is the units digit of r?
2
Suppose 77*i - 83*i + 5232 = 0. What is the tens digit of i?
7
Suppose -3*i - 5*r + 1870 = 0, 0*r = i + 3*r - 618. Suppose i = 5*c - 4*y, 4*y = -0 + 20. What is the tens digit of c?
3
Let g be (2 - -2) + (-2 - 1). Let s(m) = -m + g + 8 - 4. What is the units digit of s(4)?
1
Let t(b) = 12*b + 34. What is the tens digit of t(13)?
9
Let l(a) = -328*a - 48. What is the tens digit of l(-2)?
0
Let o(t) = t**3 - 21*t + 1. What is the hundreds digit of o(8)?
3
Let c(l) = -3*l + 2. Let h be c(1). What is the tens digit of 1/((-46)/(-45) + h)?
4
Let n = -7 + 6. Let x be ((-4)/10)/(n/165). Suppose 2*t = -t + x. What is the units digit of t?
2
Let t(k) = k**3 + 5*k**2 - 9*k - 14. Let f be t(-6). Suppose 0*d = f*d - 540. What is the hundreds digit of d?
1
Let y(g) = -7*g**2 - 30*g - 19. Let q be y(-8). Let l = 365 + q. What is the units digit of l?
8
Suppose 3*u - 4*p - 43 = -8*p, -4*p - 59 = -3*u. Suppose u*h - 319 = 6*h. What is the units digit of h?
9
Let f(k) = -72*k + 3. Let a(q) = 36*q - 1. Let l(n) = 13*a(n) + 6*f(n). What is the hundreds digit of l(3)?
1
Let a(c) = 13*c**2 - 10*c - 28. What is the units digit of a(-8)?
4
Let b = -288 + 455. Let d = b + -103. What is the tens digit of d?
6
Let i = -1246 - -2220. What is the hundreds digit of i?
9
Let v = -7 + 10. Suppose v*x = 9*x - 144. What is the tens digit of x?
2
Let z be ((-96)/30)/(6/(-15)). What is the units digit of 338/4 + (-4)/z?
4
Let n be 2 + 127 - 1*-2. Suppose -3*k - 123 = -2*j + 36, 0 = 4*j + 3*k - 345. Let f = n - j. What is the tens digit of f?
4
Let v = -648 + 1034. What is the tens digit of v?
8
Let z(h) = -2*h**3 - 36*h**2 - 33*h + 30. What is the thousands digit of z(-21)?
3
Suppose 2*r - 3*j + 2*j - 5 = 0, 5*j + 25 = -r. Let l(b) = 2*b + 65. What is the units digit of l(r)?
5
Let u be (-2)/(-1 - 3/(-1)). Let b be (-54)/(-30) + u/(-5). Suppose -l - 5*i = 1, b*i = 5*l + 23 - 99. What is the units digit of l?
4
Let n(k) = -5*k**2 + 19*k - 1. Let i(l) = -2*l**2 + 9*l. Let q(t) = -9*i(t) + 4*n(t). Let w be q(-3). What is the units digit of ((-18)/(-7))/(w/(-49))?
8
Suppose 2*h + 242 = 2*c + 12, 0 = -2*h + 3*c - 225. Let a = h - -234. Suppose -2*f = 4*m - 4*f - a, 47 = 2*m + f. What is the tens digit of m?
2
What is the units digit of ((-4)/(-10))/((-15)/((-146550)/4))?
7
Suppose 50 = 4*s - 2*u, 3*s - 12 = 5*u + 15. What is the tens digit of (-1356)/(-26) + s/(-91)?
5
Let a(i) = 141*i - 93. What is the hundreds digit of a(6)?
7
What is the units digit of (-20374)/(-10) + ((-108)/20 - -5)?
7
Let b(m) = 3*m**2 + 146*m + 238. What is the units digit of b(-56)?
0
Let o(x) = -2*x**3 + 15*x**2 + 14*x + 111. What is the thousands digit of o(-11)?
4
Let z(u) = -u - 12. Let v be z(0). Let b = v - -14. Suppose 2*n = b*x + 34, -3*n - x = -0*x - 71. What is the tens digit of n?
2
Let i(f) be the third derivative of f**6/180 - f**5/120 - f**4/8 - 4*f**3/3 - 2*f**2. Let u(m) be the first derivative of i(m). What is the units digit of u(2)?
3
Let x(a) = 4*a - 7. Let p be x(-5). Let i = p - -41. What is the units digit of (-4)/14 + 200/i?
4
Suppose -46*g + 41*g = -2905. What is the tens digit of g?
8
Let b = 0 + 48. Suppose 4*f - b - 96 = 0. What is the units digit of f?
6
Let n be 1 + 3 + (0 - 0). Suppose 0 = 2*l - n*l + 112. Let f = -20 + l. What is the units digit of f?
6
Suppose -4*k - 2550 = -10*k. What is the hundreds digit of k?
4
Suppose -x - 3*j = -5129, 192*x - 188*x + 3*j = 20525. What is the hundreds digit of x?
1
Let p = -183 - -315. What is the tens digit of p?
3
Let p = -16 + 20. Let v(l) = -2 + 0 - p - 7*l + 4. What is the units digit of v(-7)?
7
Suppose 0 = -5*n + 3*r + 45, 0 = -5*n - r - r + 70. Let y(p) = -16 - p + 4*p - p. What is the units digit of y(n)?
8
Suppose -4*t - 8 = -5*p - 2*t, -12 = 2*p + 3*t. Let i = 31 - 20. Suppose 5*u + 4*v - 40 = p, -4*u + 0*v = -v - i. What is the units digit of u?
4
Suppose -20 = -0*o - 5*o - 5*q, 3*o = -4*q + 15. Let x be (-21 + 6)*o/(-3). Suppose -87 = -5*d + d - 5*z, x*d + z = 114. What is the units digit of d?
3
Let f(a) = 3*a + 8*a - 14*a - 16. What is the units digit of f(-16)?
2
Suppose 3*x - 6*l = -4*l + 2374, 2*x - 1588 = 4*l. What is the units digit of x?
0
Let w(g) = -18*g - 1. Let s(p) = 37*p + 2. Let q(c) = -3*s(c) - 7*w(c). What is the units digit of q(3)?
6
Let m(f) = 110*f**2 + 12*f - 28. What is the tens digit of m(3)?
9
Let x(l) = 530*l + 13. What is the units digit of x(1)?
3
Suppose 6*n + 3*k - 11198 = n, 4*n - 8988 = 5*k. What is the thousands digit of n?
2
Suppose g = -4*q - 3*g - 244, -4*g = 0. Let v = q - -111. What is the tens digit of (-3)/(v/28 + -2)?
1
What is the hundreds digit of (-21258)/(-24)*(5 - 1) + -4?
5
Suppose 5*j = -2*z + 341, -35*z + 40*z - 770 = 4*j. What is the units digit of z?
8
Let o(p) = p**2 - 13. Let h be o(4). Let q(z) = 18*z + 1. Let d be q(5). Suppose -d + 16 = -h*f. What is the units digit of f?
5
Let f(d) = 8*d. Let w be f(4). Suppose -17 - w = -s. What is the units digit of s?
9
Suppose -4*x - 9 = 15. Let s(o) = -o**2 - 10*o - 2. Let v be s(x). Suppose 3*h + 2*k - v = 81, 2*k + 156 = 4*h. What is the units digit of h?
7
Let r be ((-1)/(-4) + 1/4)*-822. Let z = -277 - r. What is the tens digit of z?
3
Suppose -5*z - 5*o + 5 = 0, z = -6*o + 3*o + 11. Let c(p) = -5*p + 0*p**2 - p - 1 - p**2. What is the units digit of c(z)?
7
Suppose -z - 5 = -2*z. Let w be 4/((-8)/(-15))*12/9. Suppose -30 = -2*a - 2*s, -2*a + z*s + 33 = w. What is the units digit of a?
4
Let t be ((-28)/(-3))/((-26)/(-39)). Let s(d) = -d**3 + 14*d**2 + 5. Let y be s(t). Suppose y*q = -3*a + 94, -a + 71 = 4*q - 0*a. What is the tens digit of q?
1
Let t(p) = 14*p**2 - 45*p - 4. What is the tens digit of t(6)?
3
Let z = -62 + -5. Let o = z - -135. Suppose 4*u + 81 = 3*y - o, -y + 5*u + 68 = 0. What is the units digit of y?
3
Suppose 0 = -4*g + 5*s - 0*s + 508, 3*g - 4*s = 381. Suppose -2*p - 10 = -4*p. What is the tens digit of 14/(-35) + g/p?
2
What is the hundreds digit of 13314/15 + (-57)/95?
8
Suppose -2*l = -298 - 1220. Suppose 5*h + 3*q + 248 = l, 0 = 2*h - 2*q - 198. What is the hundreds digit of h?
1
Let r be (18/15)/(6/15). Let i be 2 + (-13 - -3) + r. What is the units digit of 0 + 1 - (-7 - i)?
3
Let x = 819 + -816. Let p be (-6)/9 + 184/6. Suppose x*z - p = z. What is the tens digit of z?
1
Suppose 94 + 88 = -7*h. Let m = 28 - h. What is the units digit of m?
4
Suppose -5*a = -9*a - 8. What is the tens digit of a/2*(-1 - 31)?
3
Suppose 5*k - x = 2*x + 389, 2*x = -k + 83. Let g = 102 - k. What is the units digit of g?
3
Let k(n) = -46*n**3 - 3*n**2 - 3*n - 5. Let c be k(-2). Let t(v) = v**3 + 6*v**2 + 5*v + 6. Let i be t(-5). What is the tens digit of 8/i - c/(-9)?
4
Let s(a) = 12*a**2 + 16*a + 41. What is the tens digit of s(-6)?
7
Suppos